hat is 20 + -102115?
-1020d5
In base 13, what is -b63749 - -1cc?
-b6354a
In base 14, what is 415b0409 - 5?
415b0404
In base 7, what is -66001 - -1215?
-64453
In base 3, what is 12 + -21101111011212011?
-21101111011211222
In base 11, what is 0 + 13595634a?
13595634a
In base 7, what is 1201 - -31526?
33030
In base 11, what is -11538 + 1a99?
-a54a
In base 4, what is 2101223231212 - 0?
2101223231212
In base 11, what is 1a201 + -267?
19a45
In base 4, what is 3102322 - 10311301?
-1202313
In base 5, what is -12444342343 - -10?
-12444342333
In base 14, what is 1 + 104002b?
104002c
In base 3, what is -1102211202 - 22101?
-1110011010
In base 14, what is -96 + 13cd881?
13cd7c9
In base 12, what is -60bb48 + 25?
-60bb23
In base 11, what is 110396 + -184?
110212
In base 6, what is -14 - -1131532434?
1131532420
In base 4, what is 1021120101 - 3?
1021120032
In base 12, what is -32559642 + 4?
-3255963a
In base 11, what is -5 + 32677952?
32677948
In base 4, what is -10 + 310031030?
310031020
In base 6, what is 253500 - 3?
253453
In base 12, what is -29 + -1a9b6bb?
-1a9b728
In base 3, what is -122 - -10011121220022?
10011121212200
In base 14, what is 60 - 13b943?
-13b8c3
In base 11, what is 2a83 - -4280?
7253
In base 13, what is -6b7 - c09?
-15c3
In base 12, what is b8414a - 6?
b84144
In base 5, what is -21 - 144002400420?
-144002400441
In base 7, what is -11133 - -16365?
5232
In base 5, what is 24020 + -112443?
-33423
In base 15, what is 22be79 + -62?
22be17
In base 11, what is 17 + 161363?
16137a
In base 9, what is 63 + 2387556?
2387630
In base 8, what is 3617521 + 6?
3617527
In base 2, what is -11111 + 11111111010110011111010?
11111111010110011011011
In base 14, what is 1a8d03 + 13?
1a8d16
In base 5, what is -103321142 - -10002?
-103311140
In base 15, what is 1e85a - 7?
1e853
In base 5, what is -10200 + 343104?
332404
In base 13, what is -a70466a3 + 4?
-a704669c
In base 13, what is 376300 + 109?
376409
In base 5, what is -4334233020 - 1?
-4334233021
In base 13, what is 2a071a - -13?
2a0730
In base 3, what is -212212022121110 + 11?
-212212022121022
In base 7, what is 0 - -554123640?
554123640
In base 9, what is 4 - -17535318?
17535323
In base 10, what is -23 - -1033276?
1033253
In base 15, what is -2 - 42b393c?
-42b393e
In base 5, what is -3303242132 + 0?
-3303242132
In base 14, what is -191825b + -9?
-1918266
In base 5, what is 4012300331 - -11?
4012300342
In base 7, what is -312451 + 265?
-312153
In base 15, what is -10702e8 + 0?
-10702e8
In base 2, what is 100111001010000111010000001011 + 10?
100111001010000111010000001101
In base 10, what is -84 + 50107?
50023
In base 9, what is 3 + 103581102?
103581105
In base 14, what is -3932910 - 5?
-3932915
In base 11, what is -944 - -767?
-188
In base 10, what is 117 - 921515?
-921398
In base 13, what is -16927 + 36a?
-1658a
In base 6, what is -1034354 - 44?
-1034442
In base 6, what is 212144113 - -33?
212144150
In base 3, what is 21222010201112001 + -2?
21222010201111222
In base 2, what is 1010 + -111111110101101000?
-111111110101011110
In base 2, what is 1 + -1011101001100110011001011?
-1011101001100110011001010
In base 11, what is 3 + 1301a91?
1301a94
In base 2, what is -11111101010 - -100000110001011?
11100110100001
In base 4, what is -10 - -1030302120?
1030302110
In base 11, what is 34656a - -10?
34657a
In base 11, what is -3 - -1a36460?
1a36458
In base 15, what is 2d50 + c690?
104e0
In base 3, what is -2211111020 - 220100121?
-10201211211
In base 4, what is -103321130 + 303110?
-103012020
In base 12, what is -2b17 - 1966?
-4881
In base 8, what is -71 + -63127353?
-63127444
In base 13, what is -a0091b + 17?
-a00904
In base 16, what is -179021 - -a?
-179017
In base 8, what is 213300 - 7336?
203742
In base 12, what is -770213 + 2b?
-7701a4
In base 4, what is 203110220132310 + -2?
203110220132302
In base 11, what is -26a2 - 71757?
-74349
In base 4, what is -3 - -10132132310?
10132132301
In base 16, what is -b0 - 24419?
-244c9
In base 4, what is 221023002100 - -2?
221023002102
In base 12, what is 11851 + -118?
11735
In base 3, what is 2122 - -21012212000?
21012221122
In base 4, what is -10122213030 - -11010?
-10122202020
In base 7, what is 0 + 124305000?
124305000
In base 2, what is -111110 + 1010000011110000110011000?
1010000011110000101011010
In base 10, what is -1584756 - -128?
-1584628
In base 2, what is 100010111111110110 + 11101111?
100011000011100101
In base 6, what is -10501323 + -13?
-10501340
In base 12, what is 1a7260 + -3?
1a7259
In base 6, what is -1535315 + 512?
-1534403
In base 7, what is -3053201 - -14?
-3053154
In base 5, what is -10 + -12334122223?
-12334122233
In base 6, what is -113511353 - 45?
-113511442
In base 5, what is 243212 - -101343?
400110
In base 16, what is 10 + 16f66bb?
16f66cb
In base 9, what is 201 - 2667144?
-2666843
In base 3, what is 110 + -2010012102121?
-2010012102011
In base 11, what is 1768467 - -5a?
1768516
In base 13, what is -465917 - 4?
-46591b
In base 4, what is -1200201 - -30010230?
22210023
In base 13, what is -33 + 8b068?
8b035
In base 14, what is -6 + 1aca1?
1ac99
In base 6, what is -121550 - 4413?
-130403
In base 12, what is 277 - 3b840?
-3b585
In base 15, what is 89c99 + 14c?
89de6
In base 4, what is 1233321 - -2013303?
3313230
In base 9, what is 5 + -2026557?
-2026552
In base 5, what is 41300420 + -4322?
41241043
In base 12, what is -2499606 - 4?
-249960a
In base 7, what is -1111450562 - 4?
-1111450566
In base 4, what is -2 - 103211233312?
-103211233320
In base 15, what is -842e - -eb?
-8333
In base 10, what is 3 + -193492295?
-193492292
In base 8, what is 33614237 + -6?
33614231
In base 16, what is -5 - 3c02c9?
-3c02ce
In base 5, what is 1124 + 2230330?
2232004
In base 4, what is 11 + 21110103000?
21110103011
In base 14, what is -21d6 - 2934?
-4b2a
In base 8, what is 4 + 7667056?
7667062
In base 6, what is -115522 - -2230?
-113252
In base 10, what is 7432970 - -4?
7432974
In base 4, what is -110 - 31111023032?
-31111023202
In base 15, what is 3cb434 + 1?
3cb435
In base 2, what is -10000011001010001000010101110 - -101?
-10000011001010001000010101001
In base 12, what is -30 + -4a2b52?
-4a2b82
In base 16, what is -4 - 53fa6a1?
-53fa6a5
In base 6, what is 302524024 + -143?
302523441
In base 16, what is 3d9 - def?
-a16
In base 5, what is -314002134212 - -21?
-314002134141
In base 11, what is -15587 + 97?
-154a0
In base 12, what is 68501b3 - 1?
68501b2
In base 13, what is 31496 - -12c?
315c5
In base 8, what is -1357331 + -24?
-1357355
In base 10, what is 202234 - 44?
202190
In base 10, what is -224 - -46756?
46532
In base 7, what is 316266 + 36?
316335
In base 12, what is -5ba + -3855b8?
-385bb6
In base 14, what is 27 + -86512c?
-865105
In base 15, what is -33c + 57c5?
5488
In base 5, what is -11244 - 4242220?
-4304014
In base 9, what is 8453 - -4016?
13470
In base 2, what is 11001 - -100011100101111101111?
100011100110000001000
In base 7, what is -54245405 + -1?
-54245406
In base 4, what is 1120000302300 + 0?
1120000302300
In base 10, what is -566864 - 666?
-567530
In base 16, what is -d + a45c38?
a45c2b
In base 7, what is 4615 - -15352?
23300
In base 14, what is -184 + 116ad3?
11694d
In base 12, what is -2b + -320750?
-32077b
In base 10, what is 7007 + -1616?
5391
In base 5, what is 112202031 + 1?
112202032
In base 11, what is 4317489 - 8?
4317481
In base 14, what is 2da9 + -350?
2a59
In base 9, what is 21803005 + -5?
21803000
In base 8, what is -500307 + 110?
-500177
In base 13, what is -32 - -104458?
104426
In base 3, what is -2 - 112222211221220?
-112222211221222
In base 10, what is 96388660 - 12?
96388648
In base 3, what is -1121120011110 - -12002?
-1121112222101
In base 2, what is 10101001111010110 - -100001?
10101001111110111
In base 15, what is 96cd + -a9?
9624
In base 14, what is 1c36 + -291?
1985
In base 16, what is -3 - -860223?
860220
In base 6, what is 521142535512 + -3?
521142535505
In base 9, what is 2 + -12681150?
-12681147
In base 4, what is 1210223132232 - 2?
1210223132230
In base 12, what is 1915 + -99aa?
-8095
In base 12, what is -453b6169 + 5?
-453b6164
In base 15, what is -24 + -299d4d?
-299d72
In base 12, what is 285 - 227b6?
-22531
In base 6, what is -5002124 + 41033?
-4521051
In base 4, what is 131 - -1100332010?
1100332201
In base 16, wh